{"id":2,"date":"2009-12-13T19:02:49","date_gmt":"2009-12-13T18:02:49","guid":{"rendered":"http:\/\/blog.mkib.com\/?page_id=2"},"modified":"2011-01-29T03:11:08","modified_gmt":"2011-01-29T02:11:08","slug":"about","status":"publish","type":"page","link":"http:\/\/blog.mkib.com\/?page_id=2","title":{"rendered":"&#8211; Om oss"},"content":{"rendered":"<p><strong>Motorklubbene i Bergen<\/strong> <\/p>\n<p>Motorklubbene i Bergen, MKIB, er en sammenslutning av 11 bergensklubber som sysler med motor og kj\u00f8ret\u00f8y. V\u00e5r viktigste oppgave er \u00e5 organisere V\u00e5rm\u00f8nstringen i Bergen.<\/p>\n<p>V\u00e5rm\u00f8nstringen er en velkjent \u00e5rlig begivenhet som finner sted p\u00e5 Kristi himmelfartsdag, p\u00e5 parkeringsplassen p\u00e5 Lagunen storsenter.<br \/>\nDenne utstillingen promoterer motorklubbene og deres aktiviteter, og skaffer inntekter som fordeles tilbake til klubbene. V\u00e5rm\u00f8nstringen hjelper dermed klubbene \u00f8konomisk i deres ideelle arbeid for \u00e5 fremme interessen for motor og kj\u00f8ret\u00f8y. <\/p>\n<p>\u00d8nsker du mer informasjon om MKIB, ber vi deg vennligst ta kontakt med oss. <\/p>\n","protected":false},"excerpt":{"rendered":"<p>Motorklubbene i Bergen Motorklubbene i Bergen, MKIB, er en sammenslutning av 11 bergensklubber som sysler med motor og kj\u00f8ret\u00f8y. V\u00e5r viktigste oppgave er \u00e5 organisere V\u00e5rm\u00f8nstringen i Bergen. V\u00e5rm\u00f8nstringen er en velkjent \u00e5rlig begivenhet som finner sted p\u00e5 Kristi himmelfartsdag, p\u00e5 parkeringsplassen p\u00e5 Lagunen storsenter. Denne utstillingen promoterer motorklubbene og deres aktiviteter, og skaffer inntekter [&hellip;]<\/p>\n","protected":false},"author":1,"featured_media":0,"parent":0,"menu_order":1,"comment_status":"closed","ping_status":"closed","template":"","meta":{"ngg_post_thumbnail":0},"_links":{"self":[{"href":"http:\/\/blog.mkib.com\/index.php?rest_route=\/wp\/v2\/pages\/2"}],"collection":[{"href":"http:\/\/blog.mkib.com\/index.php?rest_route=\/wp\/v2\/pages"}],"about":[{"href":"http:\/\/blog.mkib.com\/index.php?rest_route=\/wp\/v2\/types\/page"}],"author":[{"embeddable":true,"href":"http:\/\/blog.mkib.com\/index.php?rest_route=\/wp\/v2\/users\/1"}],"replies":[{"embeddable":true,"href":"http:\/\/blog.mkib.com\/index.php?rest_route=%2Fwp%2Fv2%2Fcomments&post=2"}],"version-history":[{"count":11,"href":"http:\/\/blog.mkib.com\/index.php?rest_route=\/wp\/v2\/pages\/2\/revisions"}],"predecessor-version":[{"id":574,"href":"http:\/\/blog.mkib.com\/index.php?rest_route=\/wp\/v2\/pages\/2\/revisions\/574"}],"wp:attachment":[{"href":"http:\/\/blog.mkib.com\/index.php?rest_route=%2Fwp%2Fv2%2Fmedia&parent=2"}],"curies":[{"name":"wp","href":"https:\/\/api.w.org\/{rel}","templated":true}]}}